{"id":94,"date":"2024-10-24T16:18:03","date_gmt":"2024-10-24T14:18:03","guid":{"rendered":"https:\/\/petirosso.fr\/?page_id=94"},"modified":"2024-10-25T10:39:29","modified_gmt":"2024-10-25T08:39:29","slug":"quand-la-lune-conte-les-etoiles","status":"publish","type":"page","link":"https:\/\/petirosso.fr\/index.php\/page-2\/quand-la-lune-conte-les-etoiles\/","title":{"rendered":"Quand la Lune conte les \u00e9toiles"},"content":{"rendered":"\n<h2 class=\"wp-block-heading has-large-font-size\">Spectacle de contes en musique<\/h2>\n\n\n\n<figure class=\"wp-block-image aligncenter size-large is-resized\"><img loading=\"lazy\" decoding=\"async\" width=\"717\" height=\"1024\" src=\"http:\/\/petirosso.fr\/wp-content\/uploads\/2024\/10\/Quand-la-Lune-conte-les-etoiles-Affiche-neutre-717x1024.png\" alt=\"\" class=\"wp-image-67\" style=\"width:456px;height:auto\" srcset=\"https:\/\/petirosso.fr\/wp-content\/uploads\/2024\/10\/Quand-la-Lune-conte-les-etoiles-Affiche-neutre-717x1024.png 717w, https:\/\/petirosso.fr\/wp-content\/uploads\/2024\/10\/Quand-la-Lune-conte-les-etoiles-Affiche-neutre-210x300.png 210w, https:\/\/petirosso.fr\/wp-content\/uploads\/2024\/10\/Quand-la-Lune-conte-les-etoiles-Affiche-neutre-768x1096.png 768w, https:\/\/petirosso.fr\/wp-content\/uploads\/2024\/10\/Quand-la-Lune-conte-les-etoiles-Affiche-neutre.png 802w\" sizes=\"auto, (max-width: 717px) 100vw, 717px\" \/><\/figure>\n\n\n\n<p class=\"has-medium-font-size\"><strong><mark style=\"background-color:rgba(0, 0, 0, 0);color:#12507b\" class=\"has-inline-color\">Lorsque le monde \u00e9tait tout neuf<\/mark><\/strong> &#8230;<\/p>\n\n\n\n<p class=\"has-small-font-size\">Un bouquet de l\u00e9gendes anciennes et de cr\u00e9ations qui nous racontent les \u00e9toiles et la Lune \u00e0 travers des r\u00e9cits teint\u00e9s de po\u00e9sie. Tendresse et humour s&#8217;enchev\u00eatrent dans un tourbillon de musiques enchant\u00e9es pour nous faire d\u00e9couvrir le ciel nocturne autrement\u2026<\/p>\n\n\n\n<hr class=\"wp-block-separator has-alpha-channel-opacity\"\/>\n\n\n\n<p class=\"has-small-font-size\">Le spectacle est compos\u00e9 de cinq contes mis en musique ( harmonica, percussions, saxophone, fl\u00fbte baroque, chant ).<\/p>\n\n\n\n<p class=\"has-small-font-size\"><strong><mark style=\"background-color:rgba(0, 0, 0, 0);color:#335bbe\" class=\"has-inline-color\">Tagao, le petit berger.<\/mark><\/strong><\/p>\n\n\n\n<p class=\"has-small-font-size\"><mark style=\"background-color:rgba(0, 0, 0, 0);color:#335bbe\" class=\"has-inline-color\">A l\u2019aube des temps, Tagao est un petit berger. Son monde est fait de grandes herbes dans la plaine immense. Ce jour-l\u00e0, en menant les moutons pa\u00eetre, le petit gar\u00e7on se perd au milieu des grandes herbes. Seul dans la nuit, il joue de la fl\u00fbte et appelle \u00e0 l\u2019aide. Personne ne l\u2019entend, sauf une \u00e9toile \u00e0 l\u2019autre bout du ciel \u2026.<\/mark><\/p>\n\n\n\n<p class=\"has-small-font-size\">En suivant Tagao dans la grande plaine, on d\u00e9couvre ici comment la premi\u00e8re \u00e9toile est apparue au monde et comment la Voie lact\u00e9e a trac\u00e9 dans la nuit ce grand chemin de petites gouttes de lait pour guider l\u2019enfant perdu.<\/p>\n\n\n\n<div style=\"height:27px\" aria-hidden=\"true\" class=\"wp-block-spacer\"><\/div>\n\n\n\n<p class=\"has-small-font-size\"><strong><mark style=\"background-color:rgba(0, 0, 0, 0);color:#4cb6de\" class=\"has-inline-color\">Collin Rosset<\/mark><\/strong><\/p>\n\n\n\n<p class=\"has-small-font-size\"><mark style=\"background-color:rgba(0, 0, 0, 0);color:#4cb6de\" class=\"has-inline-color\">Collin Rosset \u00e9tait un nain, un tout petit nain \u00e9trange qui vivait l\u00e0-haut au pays des nuages et des arcs-en-ciel. Il se promenait de nuages en \u00e9toiles et passait le plus clair de son temps \u00e0 observer le monde des hommes. Parfois, il se glissait dans un rayon de Lune ou d\u00e9gringolait de l\u2019arc-en-ciel pour aller taquiner ces humains qui l\u2019amusaient tellement\u2026 Souvent, il profitait de son s\u00e9jour sur Terre pour chaparder quelques friandises, car Collin Rosset \u00e9tait <strong>gourmand<\/strong>, terriblement gourmand, si gourmand que cela a fini par lui jouer un bien vilain tour\u2026<\/mark><\/p>\n\n\n\n<p class=\"has-small-font-size\">Un conte dr\u00f4le et tendre qui nous apprend comment Collin Rosset, en grignotant le g\u00e2teau de Lune, a cr\u00e9\u00e9 le cycle lunaire.<\/p>\n\n\n\n<div style=\"height:27px\" aria-hidden=\"true\" class=\"wp-block-spacer\"><\/div>\n\n\n\n<p class=\"has-small-font-size\"><strong><mark style=\"background-color:rgba(0, 0, 0, 0);color:#1b1df0\" class=\"has-inline-color\">L&#8217;\u00e9toile qui aimait les hommes<\/mark><\/strong><\/p>\n\n\n\n<p class=\"has-small-font-size\"><mark style=\"background-color:rgba(0, 0, 0, 0);color:#1b1df0\" class=\"has-inline-color\">En des temps tr\u00e8s anciens, il y avait, chez les Indien d\u2019Am\u00e9rique du Nord, une tribu qui vivait dans la grande plaine, au pied des montagnes. Les gens de cette tribu partageaient tout&nbsp;: la p\u00eache, la chasse, les repas et de grandes f\u00eates autour du feu le soir&#8230;  C\u2019est justement, lors d\u2019une belle nuit d\u2019\u00e9t\u00e9, que les gens de la tribu remarquent une \u00e9toile magnifique qui semble s\u2019\u00eatre d\u00e9croch\u00e9e du ciel pour se rapprocher de la Terre. Ils ne savent pas qu\u2019en penser&nbsp;: est-ce un bon ou un mauvais pr\u00e9sage&nbsp;?<\/mark><\/p>\n\n\n\n<p class=\"has-small-font-size\">Une histoire qui nous dit que la Terre est si belle, qu\u2019une \u00e9toile, un jour, a quitt\u00e9 le ciel pour venir s\u2019installer au plus pr\u00e8s des hommes en prenant la forme d\u2019une fleur.<\/p>\n\n\n\n<div style=\"height:27px\" aria-hidden=\"true\" class=\"wp-block-spacer\"><\/div>\n\n\n\n<p class=\"has-small-font-size\"><strong><mark style=\"background-color:rgba(0, 0, 0, 0);color:#2495b8\" class=\"has-inline-color\">Quand le ciel \u00e9tait trop bas<\/mark><\/strong><\/p>\n\n\n\n<p class=\"has-small-font-size\"><mark style=\"background-color:rgba(0, 0, 0, 0);color:#2495b8\" class=\"has-inline-color\">A cette \u00e9poque lointaine, le ciel \u00e9tait tellement bas qu\u2019il n\u2019y avait pas de place pour les nuages, les arbres, les oiseaux \u2026. Le ciel \u00e9tait si bas que les hommes devaient rester toute leur vie courb\u00e9s \u00e0 regarder leurs orteils\u2026.. Pas tr\u00e8s dr\u00f4le&nbsp;! Les enfants qui, eux, pouvaient se tenir droits et regarder loin, d\u00e9cident de faire quelque chose. Ils entreprennent de redresser le ciel, mais ce n\u2019est pas facile \u2026.<\/mark><\/p>\n\n\n\n<p class=\"has-small-font-size\">Une jolie fa\u00e7on de parler de sagesse et d\u2019expliquer la naissance des \u00e9toiles dans un \u00e9clat de rire\u2026<\/p>\n\n\n\n<div style=\"height:27px\" aria-hidden=\"true\" class=\"wp-block-spacer\"><\/div>\n\n\n\n<p class=\"has-small-font-size\"><strong><mark style=\"background-color:rgba(0, 0, 0, 0);color:#211078\" class=\"has-inline-color\">Deux ourses<\/mark><\/strong><\/p>\n\n\n\n<p class=\"has-small-font-size\"><mark style=\"background-color:rgba(0, 0, 0, 0);color:#211078\" class=\"has-inline-color\">Sur la banquise, il y a fort longtemps, vivaient une maman ourse et sa petite oursonne. La maman veillait sur sa petite comme sur un v\u00e9ritable tr\u00e9sor. Elle lui apprenait aussi les choses de la vie&nbsp;: nager, p\u00eacher, fuir devant les chasseurs et se guider gr\u00e2ce aux \u00e9toiles. La petite oursonne aimait r\u00eaver en admirant les constellations dessin\u00e9es dans le ciel. Mais, un jour, les chasseurs arrivent&#8230;<\/mark><\/p>\n\n\n\n<p class=\"has-small-font-size\">Entre \u00e9motion et po\u00e9sie, ce r\u00e9cit donne une histoire aux constellations de la grande ourse et de la petite ourse qui illuminent nos nuits.<\/p>\n\n\n\n<hr class=\"wp-block-separator has-alpha-channel-opacity\"\/>\n\n\n\n<p class=\"has-small-font-size\"><em><strong>Public<\/strong>: \u00e0 partir de 6 ans<\/em><\/p>\n\n\n\n<p class=\"has-small-font-size\"><em><strong>Dur\u00e9e<\/strong>: 1h environ<\/em><\/p>\n","protected":false},"excerpt":{"rendered":"<p>Spectacle de contes en musique Lorsque le monde \u00e9tait tout neuf &#8230; Un bouquet de l\u00e9gendes anciennes et de cr\u00e9ations qui nous racontent les \u00e9toiles et la Lune \u00e0 travers des r\u00e9cits teint\u00e9s de po\u00e9sie. Tendresse et humour s&#8217;enchev\u00eatrent dans un tourbillon de musiques enchant\u00e9es pour nous faire d\u00e9couvrir le ciel nocturne autrement\u2026 Le spectacle [&hellip;]<\/p>\n","protected":false},"author":1,"featured_media":0,"parent":16,"menu_order":2,"comment_status":"closed","ping_status":"closed","template":"","meta":{"footnotes":""},"class_list":["post-94","page","type-page","status-publish","hentry"],"_links":{"self":[{"href":"https:\/\/petirosso.fr\/index.php\/wp-json\/wp\/v2\/pages\/94","targetHints":{"allow":["GET"]}}],"collection":[{"href":"https:\/\/petirosso.fr\/index.php\/wp-json\/wp\/v2\/pages"}],"about":[{"href":"https:\/\/petirosso.fr\/index.php\/wp-json\/wp\/v2\/types\/page"}],"author":[{"embeddable":true,"href":"https:\/\/petirosso.fr\/index.php\/wp-json\/wp\/v2\/users\/1"}],"replies":[{"embeddable":true,"href":"https:\/\/petirosso.fr\/index.php\/wp-json\/wp\/v2\/comments?post=94"}],"version-history":[{"count":6,"href":"https:\/\/petirosso.fr\/index.php\/wp-json\/wp\/v2\/pages\/94\/revisions"}],"predecessor-version":[{"id":131,"href":"https:\/\/petirosso.fr\/index.php\/wp-json\/wp\/v2\/pages\/94\/revisions\/131"}],"up":[{"embeddable":true,"href":"https:\/\/petirosso.fr\/index.php\/wp-json\/wp\/v2\/pages\/16"}],"wp:attachment":[{"href":"https:\/\/petirosso.fr\/index.php\/wp-json\/wp\/v2\/media?parent=94"}],"curies":[{"name":"wp","href":"https:\/\/api.w.org\/{rel}","templated":true}]}}